y.
17
Let s(d) = -122*d. Suppose -496 = 36*n - 52*n. Calculate the remainder when s(-1) is divided by n.
29
Suppose -8*x + 30 = -14*x. What is the remainder when (-5)/(x/2) - -2 is divided by (-2)/3 + 22/6?
1
Let g be 1314/(-15) - 2/5. Let z = -42 - g. What is the remainder when z is divided by 16?
14
Let d(k) = 2*k**2 - 7*k + 10. Let l be 4 + 0 - (-1 + 0). Suppose 2*w - 9 = -s, -s - l*w + 2 = -1. Calculate the remainder when s is divided by d(2).
1
Let i = -130 + 12. Let u = i + 186. Calculate the remainder when u is divided by 36.
32
Let z be (-15 + 18)*2/3. What is the remainder when (-203)/(-28) - z/8 is divided by 4?
3
Let w = -112 - -112. Suppose 5*q + 4*l + 89 - 927 = w, l - 500 = -3*q. What is the remainder when q is divided by 34?
30
Suppose 0 = -5*p + 4*r + 16459, -9889 = -25*p + 22*p - r. Calculate the remainder when p is divided by 103.
102
Suppose 2*g + g - 63 = -4*t, -4*g = t - 32. Suppose -24 = 22*q - 19*q. Calculate the remainder when (q/t)/((-2)/66) is divided by 12.
10
Let q = 26 - -18. Suppose -3*a - p + 26 = -5, 0 = 2*a - 4*p - q. What is the remainder when 93 is divided by a?
9
Suppose -22*g + 23*g + 3 = 0. Calculate the remainder when ((-21)/(-2))/((-2)/(-4)) is divided by 3 + (g - (-8)/2) - -4.
5
Suppose 4*m - m + 5*k + 8 = 0, 3*k = -m - 8. What is the remainder when (20/(-14))/(m/(-56)) is divided by 6?
2
Suppose 2*p - 81 = -3*b, -b = -4*p + b + 138. Let k = -28 - -8. Let d = p + k. What is the remainder when 43 is divided by d?
11
Let r be -1 + 4/(-2)*-3. Let j = r - 3. Suppose -j*p = -18 - 0. What is the remainder when 35 is divided by p?
8
Suppose -h = -3*a - 245, -5*a = -h + 147 + 260. Let z = -78 - a. What is the remainder when z is divided by 1?
0
Suppose 0 = 5*u - 15, -252 = 4*v + 7*u - 3*u. Let t = -97 + 145. What is the remainder when t is divided by 4/8 + v/(-4)?
14
Suppose -686 = -8*s + 66. Suppose -10 = -j + 4. What is the remainder when s is divided by j?
10
Let o(y) = -3*y**3 - 2*y**2 + 9*y + 31. Calculate the remainder when 261 is divided by o(-3).
60
Let p(k) be the third derivative of k**6/120 - 2*k**5/15 - k**4/6 + 3*k**3/2 + 4*k**2. Suppose -29 = -3*d + 13. What is the remainder when p(9) is divided by d?
12
Suppose 4*l = -4*k - l + 434, -3*k + 331 = l. Calculate the remainder when k is divided by 28.
27
Let m(b) = -22*b - 181. What is the remainder when 73 is divided by m(-9)?
5
Suppose -17*m = -15*m - 10. Suppose -23 = -m*n - 8. What is the remainder when n is divided by 3?
0
Suppose -23*p + 21*p - s + 404 = 0, 0 = 5*p - s - 996. What is the remainder when p is divided by 19?
10
Suppose m = -3*t + 48, -t - 9 = -7. What is the remainder when 1347 is divided by m?
51
Let h(b) = -b**3 + 6*b**2 - b + 4. Let v be h(6). Let c(y) = -2*y. Let l be c(v). What is the remainder when (-920)/(-10) - (-2 + l) is divided by 13?
12
Suppose -5*o = -19 - 56. What is the remainder when 25*(-24)/(-60) - -31 is divided by o?
11
What is the remainder when 3/1 + 802 + -8 is divided by 32?
29
What is the remainder when (21 + 0)*(-1)/(9/(-6)) is divided by 3?
2
Let y(h) = -7*h**2 - 3*h + 47. What is the remainder when 1127 is divided by y(0)?
46
Suppose 5*h - 22 = 48. Let z be (-12)/(-18) - 416/3. Let s = -69 - z. Calculate the remainder when s is divided by h.
13
Suppose 33*c - 7*c - 1716 = 0. Let y(n) = n**3 - 2*n**2 + 3*n - 1. What is the remainder when c is divided by y(3)?
15
Let t(o) = -27*o - 72. What is the remainder when 165 is divided by t(-4)?
21
Let x(b) = b + 2. Let i be x(-4). Let d(h) = -4*h - 26. Let z(o) = -o - 9. Let c(f) = 6*d(f) - 17*z(f). What is the remainder when 40 is divided by c(i)?
7
Let g(a) = 2*a**2 - 4*a - 3 - 2 - 3*a**2 - 2. Let s be g(-3). What is the remainder when 54 is divided by 2/3*(-114)/s?
16
Let i(t) = -2*t**2 - 35*t - 104. Let g = -78 - -112. Calculate the remainder when g is divided by i(-13).
8
Let j(s) = 26*s**2 - 2*s. Calculate the remainder when j(3) is divided by 29.
25
Let c(d) = d**2 + 25*d + 3. Let l be c(-25). Suppose -3*y = 4*i - 46, l*y + 3*i = -2 + 44. What is the remainder when y is divided by 4?
2
Let y be ((-2)/(-3))/(2/132). Let m = -25 + y. Let q(x) = 2*x**2 + 2. What is the remainder when q(-6) is divided by m?
17
Let n = 698 - 674. Suppose -5*d = 82 - 1307. Suppose -9 - 13 = -m + 5*w, 5*m = -2*w + d. What is the remainder when m is divided by n?
23
Let x(i) = i**3 + 10*i**2 - 11*i + 13. Let v = -125 - -114. Calculate the remainder when 38 is divided by x(v).
12
Suppose 3*n + 5*u - 59 = 78, u + 113 = 3*n. Calculate the remainder when n is divided by 38.
1
Let f(t) = 108*t**2 + 1. What is the remainder when f(1) is divided by 42/28*(-168)/(-9)?
25
Let t(h) = 2*h - 1. Calculate the remainder when t(28) is divided by 19.
17
Let l(p) = -p**2 - 12*p - 8. Let m be l(-11). Suppose m*c + 2*c = 95. What is the remainder when c is divided by 9/6*22/3?
8
Suppose 35*q - 37*q = p - 23, -4*p + 3*q + 147 = 0. What is the remainder when 2373 is divided by p?
30
Let n = 582 + -574. Let s(c) = 7*c**2 + 3*c. Suppose 0 = -5*d - 8 - 2. What is the remainder when s(d) is divided by n?
6
Suppose 2*v + 26 = 78. Calculate the remainder when v is divided by 3.
2
Let k(v) = v**3 - 17*v**2 - 14*v - 43. Suppose -u + 4 = -14. What is the remainder when k(u) is divided by 15?
14
Let g = 269 + -181. Suppose -5*d + 2*n + 168 = -g, -15 = 5*n. Let i(o) = -o**3 - 9*o**2 - 18*o + 13. Calculate the remainder when d is divided by i(-6).
11
Suppose o - 3*l - 94 = 0, -3*l = -0 - 9. Calculate the remainder when o is divided by 50.
3
Let v = -9308 - -9328. Let h = 353 - 216. Calculate the remainder when h is divided by v.
17
Suppose -165 = 236*d - 239*d. What is the remainder when d is divided by 47?
8
Suppose 3*b - 6*b - 4*k = -3, 5*b - 4*k = 37. Let y(o) = o**3 + 4*o**2 - 4*o - 3. What is the remainder when y(-4) is divided by b?
3
Suppose 3*i = 2*u + 129, i - 11 = 4*u + 32. Calculate the remainder when i is divided by 9.
7
Let r(a) = -a**2 - 11*a + 13. Let s be r(-12). Suppose -2*u - k + 54 = -5*k, -k + 135 = 5*u. What is the remainder when 107 + s + -1 + -2 is divided by u?
24
Suppose -103*k + 109*k = 120. Calculate the remainder when 265 is divided by k.
5
Let g = 34 + 2408. Calculate the remainder when g is divided by 47.
45
Suppose -1 + 7 = 2*j. Suppose -5 + 4 = j*t + 4*n, -3*t - n + 11 = 0. What is the remainder when 6 is divided by t?
1
Suppose -5*k + 10879 = -4*c, 2*k - k - 2173 = -2*c. What is the remainder when k is divided by 22?
19
Suppose 0 = 54*t - 83*t + 899. Calculate the remainder when 356 is divided by t.
15
Suppose l - 105 = -2*l. Let o(h) = 8*h - 119. Calculate the remainder when l is divided by o(16).
8
Calculate the remainder when 81 is divided by (1 + (-9)/3)/(11/(-77)).
11
What is the remainder when 612 is divided by (270/63)/(4/14)?
12
Let c(w) = w**3 - 7*w**2 + 4*w - 11. Let l be c(6). Let z = l - -31. What is the remainder when 23 is divided by z?
7
Let v(q) = 2*q - 15. Let b be v(5). Let f be 171/(-15) + (-2)/b. Let r = f + 26. What is the remainder when 42 is divided by r?
12
Suppose 0*j = j + 2*v - 8, -5*j + 54 = 3*v. Let y(t) = t - 4. Let x be y(3). Calculate the remainder when 46/1 + (x - -2) is divided by j.
11
Let u = -46 + -86. Let x = -84 - u. Let d = x - 33. What is the remainder when d is divided by 9?
6
Let s = 143 + 27. Calculate the remainder when s is divided by 58.
54
Suppose -4*l + 5*r - 2 = -124, 3*l - 86 = r. Suppose -l - 71 = -9*i. What is the remainder when 27 is divided by i?
5
Let o be (40/12)/(6/9). Let l = o - -11. Let c = 30 - l. What is the remainder when 39 is divided by c?
11
Suppose -4*z + 3*i = -209, 4*i - 131 - 7 = -3*z. Calculate the remainder when z is divided by 18.
14
Let z(l) = 6*l - 38. Let f be -2 + -1 + 1 + 4. What is the remainder when f/8 + (-753)/(-12) is divided by z(9)?
15
Suppose 170*n - 163*n = 1526. Calculate the remainder when n is divided by 20.
18
Let c = -807 - -873. What is the remainder when 195 is divided by c?
63
Suppose 5*f - 15 = 0, -16*m + 4*f = -20*m + 64. What is the remainder when 140 is divided by m?
10
Let o(r) = 22*r**2 + 2*r + 7. Let s be o(-3). Suppose -5*a + s + 161 = 0. What is the remainder when a is divided by 25?
22
Let s(c) = -2*c**2 + 51*c + 33. Calculate the remainder when s(22) is divided by 9.
7
Su